21
Calculate the remainder when 197643430 is divided by 5662.
5658
Calculate the remainder when 3290864 is divided by 25116.
668
What is the remainder when 11777735 is divided by 467?
462
What is the remainder when 11271723 is divided by 536747?
36
What is the remainder when 93874 is divided by 3363?
3073
What is the remainder when 11723396 is divided by 4065?
4001
What is the remainder when 1697169 is divided by 84848?
209
Calculate the remainder when 46311 is divided by 2009.
104
What is the remainder when 1211564 is divided by 2628?
56
What is the remainder when 107928 is divided by 7864?
5696
What is the remainder when 181018 is divided by 556?
318
Calculate the remainder when 62992430 is divided by 21.
11
What is the remainder when 6152801 is divided by 372?
293
What is the remainder when 2766752 is divided by 1046?
82
Calculate the remainder when 1355729 is divided by 5315.
404
What is the remainder when 154277 is divided by 839?
740
Calculate the remainder when 135210891 is divided by 2081.
2078
What is the remainder when 4243242 is divided by 9471?
234
What is the remainder when 4862490 is divided by 99?
6
What is the remainder when 2454173 is divided by 39?
20
Calculate the remainder when 5268680 is divided by 585407.
17
Calculate the remainder when 1804865 is divided by 1192.
177
Calculate the remainder when 6824086 is divided by 26.
22
Calculate the remainder when 3914307 is divided by 87.
3
Calculate the remainder when 81280 is divided by 244.
28
What is the remainder when 732233 is divided by 48812?
53
What is the remainder when 1453264 is divided by 19?
11
What is the remainder when 110016338 is divided by 14?
12
What is the remainder when 53028094 is divided by 795?
4
Calculate the remainder when 5195504 is divided by 21.
20
What is the remainder when 61184 is divided by 4674?
422
Calculate the remainder when 79613 is divided by 86.
63
Calculate the remainder when 810233 is divided by 80.
73
Calculate the remainder when 16667092 is divided by 311.
291
What is the remainder when 94688259 is divided by 653?
647
What is the remainder when 33494 is divided by 72?
14
Calculate the remainder when 798935 is divided by 1607.
256
Calculate the remainder when 14338907 is divided by 14.
9
Calculate the remainder when 757420 is divided by 151.
4
Calculate the remainder when 512697481 is divided by 68.
57
What is the remainder when 13519275 is divided by 1602?
1599
What is the remainder when 676626 is divided by 373?
4
Calculate the remainder when 257474 is divided by 651.
329
Calculate the remainder when 271390 is divided by 5719.
2597
Calculate the remainder when 113961 is divided by 11883.
7014
What is the remainder when 59773 is divided by 3133?
246
What is the remainder when 45575 is divided by 18635?
8305
What is the remainder when 2595898 is divided by 648580?
1578
What is the remainder when 130622 is divided by 388?
254
What is the remainder when 68111944 is divided by 485?
484
Calculate the remainder when 1224384 is divided by 250.
134
Calculate the remainder when 9298482 is divided by 2205.
2202
Calculate the remainder when 2489819 is divided by 64.
27
Calculate the remainder when 66272 is divided by 710.
242
What is the remainder when 1377925 is divided by 70?
45
What is the remainder when 175274 is divided by 1359?
1322
What is the remainder when 138413 is divided by 8138?
67
What is the remainder when 123654 is divided by 336?
6
What is the remainder when 137774 is divided by 6560?
14
Calculate the remainder when 38774 is divided by 988.
242
Calculate the remainder when 27469019 is divided by 10.
9
What is the remainder when 33489 is divided by 15735?
2019
Calculate the remainder when 6743053 is divided by 1165.
33
What is the remainder when 12369983 is divided by 121274?
35
What is the remainder when 1456388 is divided by 151?
144
Calculate the remainder when 192856 is divided by 1914.
1456
What is the remainder when 2184945 is divided by 546225?
45
Calculate the remainder when 1503667 is divided by 221.
204
What is the remainder when 10987212 is divided by 10987210?
2
What is the remainder when 174758 is divided by 43667?
90
What is the remainder when 6286 is divided by 976?
430
What is the remainder when 21470882 is divided by 264?
26
What is the remainder when 581498 is divided by 193829?
11
What is the remainder when 63283324 is divided by 8?
4
Calculate the remainder when 1173365 is divided by 46.
43
What is the remainder when 7412727 is divided by 1058952?
63
What is the remainder when 2892249 is divided by 6558?
171
Calculate the remainder when 131371994 is divided by 281.
279
Calculate the remainder when 57774 is divided by 2078.
1668
What is the remainder when 2594369 is divided by 29150?
19
Calculate the remainder when 5344665 is divided by 3959.
15
Calculate the remainder when 42424834 is divided by 295.
294
What is the remainder when 1781529 is divided by 19?
13
Calculate the remainder when 2599430 is divided by 14939.
44
Calculate the remainder when 1439097 is divided by 7.
2
Calculate the remainder when 1272565 is divided by 74.
61
What is the remainder when 1718078 is divided by 280?
278
What is the remainder when 4527069 is divided by 26?
1
Calculate the remainder when 27282000 is divided by 43.
5
Calculate the remainder when 2310248 is divided by 160.
8
Calculate the remainder when 152389 is divided by 16889.
388
What is the remainder when 578424 is divided by 1013?
1
Calculate the remainder when 53595433 is divided by 8932570.
13
Calculate the remainder when 139299148 is divided by 30.
28
What is the remainder when 261502 is divided by 21781?
130
What is the remainder when 410291 is divided by 164?
127
Calculate the remainder when 387375 is divided by 6477.
5232
What is the remainder when 19175001 is divided by 16250?
1
Calculate the remainder when 626622 is divided by 625929.
693
Calculate the remainder when 96071 is divided by 11957.
415
What is the remainder when 5828201 is divided by 2913975?
251
What is the remainder when 75425737 is divided by 393?
391
What is the remainder when 605186915 is divided by 19?
17
What is the remainder when 1594859 is divided by 18?
5
Calculate the remainder when 7378556 is divided by 6159.
74
Calculate the remainder when 639253 is divided by 13864.
1509
What is the remainder when 19348285 is divided by 49?
47
Calculate the remainder when 3090583 is divided by 50.
33
Calculate the remainder when 909594 is divided by 909577.
17
Calculate the remainder when 42361370 is divided by 53.
7
What is the remainder when 3464086 is divided by 6846?
10
What is the remainder when 489427 is divided by 48929?
137
Calculate the remainder when 806985 is divided by 1564.
1525
What is the remainder when 154568 is divided by 2723?
2080
What is the remainder when 3126576 is divided by 6407?
6367
What is the remainder when 157706475 is divided by 776?
771
Calculate the remainder when 16174 is divided by 5244.
442
What is the remainder when 139459 is divided by 2209?
292
What is the remainder when 622158 is divided by 206984?
1206
What is the remainder when 297985711 is divided by 1484?
1479
What is the remainder when 2772685 is divided by 752?
61
What is the remainder when 1212425472 is divided by 25?
22
Calculate the remainder when 54618523 is divided by 355.
353
What is the remainder when 626979 is divided by 737?
529
What is the remainder when 259792 is divided by 14423?
178
What is the remainder when 131845 is divided by 3877?
27
What is the remainder when 4091765 is divided by 93?
44
Calculate the remainder when 97122 is divided by 8090.
42
Calculate the remainder when 69180927 is divided by 16.
15
Calculate the remainder when 10994722 is divided by 191.
189
Calculate the remainder when 15037435 is divided by 1024.
1019
Calculate the remainder when 503544 is divided by 13361.
9187
Calculate the remainder when 9928481 is divided by 807.
767
What is the remainder when 19128112 is divided by 27?
16
What is the remainder when 16158410 is divided by 702539?
13
Calculate the remainder when 1742525 is divided by 553.
22
What is the remainder when 18589469 is divided by 9294731?
7
Calculate the remainder when 2721 is divided by 204.
69
Calculate the remainder when 740587 is divided by 9595.
1772